{"id":214,"date":"2023-07-09T22:13:32","date_gmt":"2023-07-09T20:13:32","guid":{"rendered":"https:\/\/morganedemoreuille.com\/?page_id=214"},"modified":"2024-03-28T11:16:52","modified_gmt":"2024-03-28T10:16:52","slug":"bio","status":"publish","type":"page","link":"https:\/\/morganedemoreuille.com\/index.php\/bio\/","title":{"rendered":"bio"},"content":{"rendered":"\n<p>N\u00e9e \u00e0 Tours en 1982, vis et travaille \u00e0 Lyon et ses environs. <\/p>\n\n\n\n<p>Apr\u00e8s avoir suivi des \u00e9tudes d&rsquo;arts appliqu\u00e9s (Bac et BTS) j&rsquo;entre \u00e0 l\u2019\u00c9cole des Beaux arts de Lyon et obtiens mon DNSEP Design(s) en 2008 o\u00f9 je travaille sur une forme dystopique. Je poursuis ensuite une d\u00e9marche artistique d&rsquo;installation, de cr\u00e9ation de proc\u00e9d\u00e9s et d&rsquo;objets.<\/p>\n\n\n\n<p>D\u00e9tournant et ciblant des mat\u00e9riaux et produits des champs domestiques et industriels, j&#8217;emploie les moyens d&rsquo;expression du moulage, de la vid\u00e9o, et autres techniques que j&rsquo;exp\u00e9rimente au fil du temps. J&rsquo;aborde les sujets du rapport de l&rsquo;humain aux restes, aux ressources, \u00e0 la technique et cherche \u00e0 produire des formes-questions et exp\u00e9riences. Je mets en place des projets participatifs et exp\u00e9rimentaux comme <em>V\u00e9g\u00e9taux modifi\u00e9s<\/em> et <em>Du Pain dure<\/em>. Le dessin est apparu dans ma d\u00e9marche petit \u00e0 petit pour prendre place dans mon travail.<\/p>\n\n\n\n<p>Au sein du Bureau en Friche, j&rsquo;\u00e9labore des techniques pour pr\u00e9lever des empreintes et substances, faisant notamment lien entre le tactile et le visuel avec la p\u00e2te \u00e0 modeler, capturant des poussi\u00e8res avec du papier imbib\u00e9 de lait, et des rouleaux de m\u00e9tiers \u00e0 tisser avec un scanner \u00e0 main. Ce projet collectif est une source d&rsquo;exp\u00e9rimentations continue depuis 2017.<\/p>\n\n\n\n<p>Au sein de l&rsquo;association troisi\u00e8meCOLLINE, je participe au projet d&rsquo;ateliers en ext\u00e9rieur et d&rsquo;implication dans l&rsquo;espace public dans le quartier de la Duch\u00e8re.<\/p>\n\n\n\n<p>Dans le cadre des ateliers de pratiques amateures et d&rsquo;interventions, je d\u00e9veloppe et partage des m\u00e9thodes de cr\u00e9ation et d&rsquo;exp\u00e9rimentations tout en transmettant les bases et fondamentaux.<\/p>\n","protected":false},"excerpt":{"rendered":"<p>N\u00e9e \u00e0 Tours en 1982, vis et travaille \u00e0 Lyon et ses environs. Apr\u00e8s avoir suivi des \u00e9tudes d&rsquo;arts appliqu\u00e9s (Bac et BTS) j&rsquo;entre \u00e0 l\u2019\u00c9cole des Beaux arts de Lyon et obtiens mon DNSEP Design(s) en 2008 o\u00f9 je travaille sur une forme dystopique. Je poursuis ensuite une d\u00e9marche artistique d&rsquo;installation, de cr\u00e9ation de &hellip;<\/p>\n<p class=\"read-more\"> <a class=\"\" href=\"https:\/\/morganedemoreuille.com\/index.php\/bio\/\"> <span class=\"screen-reader-text\">bio<\/span> Lire la suite\u00a0\u00bb<\/a><\/p>\n","protected":false},"author":1,"featured_media":0,"parent":0,"menu_order":0,"comment_status":"closed","ping_status":"closed","template":"","meta":{"site-sidebar-layout":"default","site-content-layout":"default","ast-global-header-display":"","ast-banner-title-visibility":"","ast-main-header-display":"","ast-hfb-above-header-display":"","ast-hfb-below-header-display":"","ast-hfb-mobile-header-display":"","site-post-title":"","ast-breadcrumbs-content":"","ast-featured-img":"","footer-sml-layout":"","theme-transparent-header-meta":"","adv-header-id-meta":"","stick-header-meta":"","header-above-stick-meta":"","header-main-stick-meta":"","header-below-stick-meta":"","footnotes":""},"class_list":["post-214","page","type-page","status-publish","hentry"],"_links":{"self":[{"href":"https:\/\/morganedemoreuille.com\/index.php\/wp-json\/wp\/v2\/pages\/214","targetHints":{"allow":["GET"]}}],"collection":[{"href":"https:\/\/morganedemoreuille.com\/index.php\/wp-json\/wp\/v2\/pages"}],"about":[{"href":"https:\/\/morganedemoreuille.com\/index.php\/wp-json\/wp\/v2\/types\/page"}],"author":[{"embeddable":true,"href":"https:\/\/morganedemoreuille.com\/index.php\/wp-json\/wp\/v2\/users\/1"}],"replies":[{"embeddable":true,"href":"https:\/\/morganedemoreuille.com\/index.php\/wp-json\/wp\/v2\/comments?post=214"}],"version-history":[{"count":3,"href":"https:\/\/morganedemoreuille.com\/index.php\/wp-json\/wp\/v2\/pages\/214\/revisions"}],"predecessor-version":[{"id":481,"href":"https:\/\/morganedemoreuille.com\/index.php\/wp-json\/wp\/v2\/pages\/214\/revisions\/481"}],"wp:attachment":[{"href":"https:\/\/morganedemoreuille.com\/index.php\/wp-json\/wp\/v2\/media?parent=214"}],"curies":[{"name":"wp","href":"https:\/\/api.w.org\/{rel}","templated":true}]}}