{"id":155,"date":"2023-07-09T21:34:08","date_gmt":"2023-07-09T19:34:08","guid":{"rendered":"https:\/\/morganedemoreuille.com\/?page_id=155"},"modified":"2024-02-02T10:31:16","modified_gmt":"2024-02-02T09:31:16","slug":"chien-de-bonne-compagnie","status":"publish","type":"page","link":"https:\/\/morganedemoreuille.com\/index.php\/chien-de-bonne-compagnie\/","title":{"rendered":"Chien de tr\u00e8s bonne Compagnie"},"content":{"rendered":"\n<p>Vid\u00e9o de 8 minutes<\/p>\n\n\n\n<p>Journ\u00e9e d\u2019un homme dans un monde o\u00f9 les hommes ne parlent plus mais sont immerg\u00e9s dans une omnipr\u00e9sence de technologies de communication. Les informations circulent et impr\u00e8gnent tous les mat\u00e9riaux, vivants ou inertes, avec souplesse et rapidit\u00e9, notamment avec le chien bionique. Pour organiser sa vie, l\u2019homme n\u2019a plus qu\u2019\u00e0 faire ses choix parmi les services et produits qui lui sont propos\u00e9s sur \u00e9crans.<\/p>\n\n\n\n<figure class=\"wp-block-video\"><video height=\"576\" style=\"aspect-ratio: 720 \/ 576;\" width=\"720\" controls src=\"https:\/\/morganedemoreuille.com\/wp-content\/uploads\/2024\/02\/demoreuille_chien_de__tres_bonne_compagnie_2008.mp4\"><\/video><\/figure>\n","protected":false},"excerpt":{"rendered":"<p>Vid\u00e9o de 8 minutes Journ\u00e9e d\u2019un homme dans un monde o\u00f9 les hommes ne parlent plus mais sont immerg\u00e9s dans une omnipr\u00e9sence de technologies de communication. Les informations circulent et impr\u00e8gnent tous les mat\u00e9riaux, vivants ou inertes, avec souplesse et rapidit\u00e9, notamment avec le chien bionique. Pour organiser sa vie, l\u2019homme n\u2019a plus qu\u2019\u00e0 faire &hellip;<\/p>\n<p class=\"read-more\"> <a class=\"\" href=\"https:\/\/morganedemoreuille.com\/index.php\/chien-de-bonne-compagnie\/\"> <span class=\"screen-reader-text\">Chien de tr\u00e8s bonne Compagnie<\/span> Lire la suite\u00a0\u00bb<\/a><\/p>\n","protected":false},"author":1,"featured_media":0,"parent":0,"menu_order":0,"comment_status":"closed","ping_status":"closed","template":"","meta":{"site-sidebar-layout":"default","site-content-layout":"default","ast-global-header-display":"","ast-banner-title-visibility":"","ast-main-header-display":"","ast-hfb-above-header-display":"","ast-hfb-below-header-display":"","ast-hfb-mobile-header-display":"","site-post-title":"","ast-breadcrumbs-content":"","ast-featured-img":"","footer-sml-layout":"","theme-transparent-header-meta":"","adv-header-id-meta":"","stick-header-meta":"","header-above-stick-meta":"","header-main-stick-meta":"","header-below-stick-meta":"","footnotes":""},"class_list":["post-155","page","type-page","status-publish","hentry"],"_links":{"self":[{"href":"https:\/\/morganedemoreuille.com\/index.php\/wp-json\/wp\/v2\/pages\/155","targetHints":{"allow":["GET"]}}],"collection":[{"href":"https:\/\/morganedemoreuille.com\/index.php\/wp-json\/wp\/v2\/pages"}],"about":[{"href":"https:\/\/morganedemoreuille.com\/index.php\/wp-json\/wp\/v2\/types\/page"}],"author":[{"embeddable":true,"href":"https:\/\/morganedemoreuille.com\/index.php\/wp-json\/wp\/v2\/users\/1"}],"replies":[{"embeddable":true,"href":"https:\/\/morganedemoreuille.com\/index.php\/wp-json\/wp\/v2\/comments?post=155"}],"version-history":[{"count":5,"href":"https:\/\/morganedemoreuille.com\/index.php\/wp-json\/wp\/v2\/pages\/155\/revisions"}],"predecessor-version":[{"id":470,"href":"https:\/\/morganedemoreuille.com\/index.php\/wp-json\/wp\/v2\/pages\/155\/revisions\/470"}],"wp:attachment":[{"href":"https:\/\/morganedemoreuille.com\/index.php\/wp-json\/wp\/v2\/media?parent=155"}],"curies":[{"name":"wp","href":"https:\/\/api.w.org\/{rel}","templated":true}]}}